- n**3. Let f be m(3). Suppose 2*s + 3 - 11 = 0. Calculate the greatest common factor of s and f.
1
Let a(k) = 2*k**3 - k**2 - 10*k + 2. Let m be a(4). Let r be m/8 + (-5)/20. Calculate the highest common factor of r and 27.
9
Suppose -1 + 3 = q. Suppose 3*h - 2*r - 343 = 0, q*h + r = 5*h - 347. What is the highest common factor of h and 13?
13
Suppose n + 176 = -38. Let j be 2/3 + n/(-3). Let z = -11 - -29. What is the highest common factor of j and z?
18
Suppose 0 = 2*p - p - 4. Suppose r - 148 = -p*v, -2*v + 4*r + 38 = -18. Calculate the greatest common divisor of v and 12.
12
Suppose -4 = 2*p + 5*c, 2*c - 5 = 3*p - 18. Let k be p*(-1 + 2) - -2. What is the highest common factor of 10 and k?
5
Suppose -3*x = -293 - 85. Calculate the highest common divisor of x and 14.
14
Let w(f) = -f + 14. Let j be w(-7). What is the highest common divisor of j and 7?
7
Let o be 5 - (0 - -6 - 3). What is the greatest common factor of o and 2?
2
Suppose -j = 4*p - 72 + 4, 2*p - 2*j - 24 = 0. Let z = 14 + p. Let f(b) = b**2 - 6. Let r be f(-9). What is the greatest common divisor of z and r?
15
Suppose -5*r = 2*i - 32, -3*r - 1 = 5*i - 5. Suppose 0 = -4*s + 168 - r. What is the highest common factor of 16 and s?
8
Suppose -4*o - 2*v = -52, 0 = o + o + 3*v - 34. Let b(r) = -r + 6. Let k = 9 + -14. Let w be b(k). Calculate the highest common factor of w and o.
11
Let f be (9 - 1)/((-7)/(-35)). Calculate the highest common factor of f and 8.
8
Let a be (-10)/(-40) + (-15)/(-4). What is the highest common factor of 2 and a?
2
Let s(l) = l**3 - 10*l**2 + 14. Let y(t) = t**3 - 4*t**2 - 3*t. Let v be y(5). Let b be s(v). Calculate the highest common divisor of b and 2.
2
Let n = -8 - -28. What is the highest common factor of n and 50?
10
Suppose 2*g - 8 = -0, 2*x - 3*g + 24 = 0. Let t(p) = p**3 + 7*p**2 + 6*p + 5. Let k be t(x). What is the highest common divisor of k and 25?
5
Let u be 11*1/(-2)*-10. What is the highest common factor of 22 and u?
11
Let t(w) be the third derivative of 3*w**4/8 - w**3/6 + 4*w**2. Let j be t(2). What is the greatest common factor of 119 and j?
17
Suppose 2*q = -6 + 10. Suppose -i = 4*o - 241, -2*i + 5*i - 123 = -q*o. Calculate the highest common divisor of 12 and o.
12
Let r be -1 + 1 - 32/(-4). Suppose -2*j + 2*w = 6, 3 = -4*j + 3*w - 6. Let l = j + 4. What is the highest common factor of l and r?
4
Let t(v) = -2*v - 7. Let s be t(-6). Suppose -4*a + 1 = -3, 0 = -d - s*a + 7. What is the highest common factor of d and 2?
2
Suppose 6*f - 35 = 49. What is the highest common factor of f and 28?
14
Let b(j) = -j**2 - 3*j - 2. Let r be b(-2). Suppose r = -3*m + 6. Let w be (-6)/9*(-21)/m. What is the highest common factor of w and 63?
7
Suppose 0 = -l + 5*d + 110, 3*l - 321 + 45 = -3*d. What is the highest common factor of 38 and l?
19
Suppose -2*b - 5*k + 50 = 0, -b - 4*k + 61 = 2*b. What is the greatest common divisor of 120 and b?
15
Suppose 4*h - 87 = -7. Calculate the greatest common divisor of h and 30.
10
Let o be ((-8)/10)/(7/(-70)). What is the greatest common divisor of 40 and o?
8
Suppose 4*w = 6 + 22. Suppose 0 = -5*t + 8 + w. Suppose -u = 2*u - t. Calculate the greatest common divisor of 7 and u.
1
Suppose 2*w + 6 = 4*w. Suppose -5*n + w*n + 600 = 0. Suppose 2*b - 7*b = -3*i - n, -3*i + 60 = b. Calculate the greatest common divisor of 12 and b.
12
Let p = 5 + -3. Suppose -2*g = -4*m - 18, -3*m - 8 - 2 = -g. Let t = g - -11. What is the greatest common divisor of t and p?
2
Let c(t) = t**3 + 14*t**2 + 8*t + 30. Let q be c(-13). What is the highest common factor of q and 38?
19
Suppose 46 - 506 = -5*n. Calculate the greatest common factor of 23 and n.
23
Let c = 84 + -48. Calculate the highest common divisor of c and 27.
9
Suppose -5*z + 223 + 122 = 0. What is the greatest common divisor of 46 and z?
23
Suppose n + p = 20, -6*n + p + 105 = -2*n. Let m be 808/20 - (-2)/(-5). Let o = m - n. What is the highest common factor of o and 105?
15
Suppose -3*j + 24 = -51. What is the highest common factor of 100 and j?
25
Suppose 5*w = 4*p - 97, 2*p - 2*w = 5*p - 67. Calculate the greatest common factor of p and 69.
23
Let v = 10 - 9. Let u = 8 - v. What is the highest common divisor of u and 77?
7
Let o(t) = -t + 4. Let x be (-21)/14*(-4)/(-1). Let q be o(x). Calculate the greatest common divisor of 110 and q.
10
Suppose 3*b + 0*b - 456 = 0. Suppose 5*y - 25 = 0, -6*y + y = -2*x + 13. Calculate the greatest common divisor of b and x.
19
Suppose 20 = 4*v + 4*s, -5*v + 2*s + 46 = -14. What is the greatest common divisor of v and 110?
10
Let s be 2 + (-2 - -3 - 1). Suppose -s*p + 91 + 101 = 0. What is the highest common factor of p and 12?
12
Suppose 4*d - 107 = d - 5*k, 2*d - 5*k - 63 = 0. What is the greatest common divisor of 119 and d?
17
Let l be 5/25 + (-698)/(-10). What is the highest common divisor of l and 28?
14
Suppose h = -5*o + 25 + 27, 0 = 3*h + 4*o - 178. What is the highest common factor of 31 and h?
31
Let t(b) be the first derivative of -b**3/3 - 9*b**2/2 - 4*b + 6. Let d = -10 - -3. Let y be t(d). What is the highest common divisor of 110 and y?
10
Suppose 18 = 2*t - t. Let p = t + -4. Calculate the highest common factor of p and 28.
14
Let f(d) = 3*d**3 - 2*d**2 - 4*d - 1. Let a be f(3). Let i be (-21)/35 - 159/(-15). What is the highest common factor of a and i?
10
Let j be 1*(-2)/4*-8. Let b = j + -39. Let g = -15 - b. Calculate the greatest common factor of g and 5.
5
Let b = 16 + -12. Suppose 1 - b = -d. Calculate the highest common divisor of d and 9.
3
Suppose 3 = -c + 5. Let t(o) = o - c + 0*o + 2. Let x be t(6). What is the highest common divisor of 18 and x?
6
Suppose 0 = 2*q - 3*q + 14. Let g = -11 + q. Suppose g*p - 12 = 2*p. What is the greatest common divisor of 8 and p?
4
Suppose 0 = 2*q - 3 - 1. Let b be -4*-5*q/8. Let c be b*(2 - (-96)/15). Calculate the greatest common divisor of c and 6.
6
Let s be 2 - -5 - (0 - 2). Let y(x) be the second derivative of -2*x**3/3 - x**2 + x. Let r be y(-2). Calculate the greatest common factor of r and s.
3
Let r be ((-63)/12)/(18/(-768)*4). Let t = -11 - -18. What is the highest common factor of t and r?
7
Suppose 3*l - 102 = -5*f - 0*l, 60 = 4*f - 3*l. Let w = 18 + f. Calculate the highest common divisor of 12 and w.
12
Let a(j) = 6*j**2 + 3*j - 3. Let r be a(2). What is the greatest common factor of r and 189?
27
Let v(q) = -14*q**2 - 3*q + 5. Let h be v(-5). Let s = -113 - h. Calculate the highest common divisor of 31 and s.
31
Suppose 107 = 2*v - 3*g, -2*v = 2*v - 4*g - 212. Let n = 84 - v. What is the greatest common factor of n and 4?
4
Let m = 7 - 10. Let d be m/(6/(-10)) + 1. Calculate the highest common divisor of 54 and d.
6
Let i(p) = -4*p + 6. Let t be i(-6). Let v(z) = -z + 10. Let j be v(7). Let x(q) = 26*q - 3. Let h be x(j). What is the highest common factor of h and t?
15
Let y = 30 - 14. Suppose f + y = 5*f. Suppose -5*n + 41 = -f*x - 25, -n = -x - 14. What is the highest common factor of n and 40?
10
Suppose 0*c + c = 6. Calculate the greatest common divisor of c and 15.
3
Suppose -88 = -3*z - 4. Let f(s) = 71*s - 1. Let i be f(1). Calculate the highest common factor of i and z.
14
Let c = -24 + 39. Let i(m) = -2 + 0*m**2 - 2 - 3 - 3*m + m**2. Let b be i(5). Calculate the highest common divisor of b and c.
3
Suppose 28 + 24 = 4*d. Let y(n) = 3*n**2 - n - 1. Let a be y(-1). Let h be 38/a - (-1)/3. What is the highest common divisor of d and h?
13
Suppose 5*b - 284 = -34. Calculate the greatest common factor of b and 20.
10
Let v be 1/6 - (-10595)/78. Calculate the greatest common factor of 17 and v.
17
Let r = -9 - -22. Suppose -3*g = -2*g - r. Calculate the greatest common divisor of 130 and g.
13
Let u = 21 + -12. Suppose -4*f = -22 - 2. Let p = 12 - f. Calculate the greatest common divisor of p and u.
3
Let m(k) = -k + 18. Let z be m(12). Let a(d) = 0*d**2 - 7 + 2*d**2 + z + 3*d. Let y be a(-4). What is the greatest common factor of y and 38?
19
Let k = 8 - 3. Let t = k + -2. Suppose 5*g - 286 = t*g. What is the highest common factor of g and 13?
13
Let j be (9/6)/(6/64). Suppose -2*d = -0*d + j. Let z = d + 41. Calculate the greatest common factor of z and 3.
3
Suppose -d + 23 = -5. What is the greatest common factor of 42 and d?
14
Let k 